g = 261 + 3, 542 = -2*s + 3*g. Let q be 4/16 - (-253)/(-4). Let l = q - s. Is l composite?
False
Let n(r) = -5*r**2. Let q be n(-1). Let h be (-2)/(-5) - (1 + 49128/q). Let s = h + -5338. Is s prime?
False
Suppose -4*u + u + 18 = 0. Suppose 8*j - 10*j + u = 0. Suppose -2*h - w = -1078, 5*w + 23 = j. Is h prime?
True
Suppose 19*q - 24 = 22*q. Let c(k) = -k**3 - 7*k**2 + 7*k + 6. Let x be c(q). Is -4*7/x*(-787)/2 composite?
False
Let t(d) = -625*d**3 + 5*d**2 - 52*d - 49. Is t(-12) a prime number?
False
Let t = 3296 + -2065. Let w = t + -442. Is w composite?
True
Let r(j) = -1453*j**3 - 2*j**2 - 55*j - 183. Is r(-5) composite?
False
Let x be ((-7)/(-3) - 2)/((-1)/(-8199)). Let c(a) = 2*a**2 - a - 8. Let j be c(-2). Suppose j*i + i = x. Is i a prime number?
True
Suppose -1 = 4*q - 13. Let t be -1*q - ((-8)/2 - -8). Let r(s) = 3*s**2 + 9*s + 13. Is r(t) a composite number?
False
Suppose 4*z = -4*g + 12, -2*g - 2*z = z - 7. Let q(y) = -12 + 9 + 35*y + 36*y**g - 36*y - 10. Is q(-3) a prime number?
False
Let b = -67436 - -305959. Is b prime?
False
Suppose -2*c - 6984 = -4*c. Suppose n = -3*o - 2029, -5*n - 13*o - 10119 = -11*o. Let r = c + n. Is r composite?
True
Let o = 608191 + -240576. Is o composite?
True
Let y = 159237 - 77956. Is y composite?
False
Suppose 10*h - 312 = -62. Suppose -2149 - h = -2*a. Is a prime?
True
Suppose 0 = 17*u + 36 + 32. Is u/(16/(-2532)) + -4 a composite number?
True
Let f(a) be the first derivative of a**2 + 5*a - 1. Let w be f(-1). Suppose k - w*k = -502. Is k a composite number?
False
Suppose 0 = 5*w + h - 16, 5*w + 3*h - 8*h = 10. Suppose -8*p = w*p. Suppose 5 = t - p*t, 2*c - t - 1377 = 0. Is c a prime number?
True
Suppose -t - 5*g + 23 = -g, -32 = -4*t + 4*g. Suppose t*a = 16*a - 1255. Is a a prime number?
True
Let n(c) = 5*c**3 + 10*c**2 - 47*c + 21. Let z be n(9). Let p = z + 30260. Is p prime?
True
Is (-300756)/24*(-1 + (-1)/1) prime?
False
Let b(l) be the first derivative of l**4/4 + 4*l**3/3 - l**2 + 13. Let q be b(2). Suppose -4*u = -q*u + 3344. Is u prime?
False
Let d be (0 - -2)/(1/(-2)). Let h be 196*d/(40/105). Let t = h - -3857. Is t prime?
False
Let c be 1*(-7)/14*-134166. Suppose -2*m + c = 3*h - 2208, -3*h + 69303 = -2*m. Is h a prime number?
True
Suppose -4742 = -t - 21822. Let h = 14161 - t. Is h composite?
True
Let a be ((-54)/(-4))/(9/918). Let z = 2354 - a. Is z composite?
False
Let o(d) be the second derivative of -6*d**5/5 + d**4/12 + 5*d**3/6 + 23*d**2/2 - 152*d. Is o(-4) a prime number?
False
Let x be -7 + (6 - 0) + -3. Let k be (x/6)/(3/(-63)). Suppose 0 = -k*p + 16*p - 190. Is p a prime number?
False
Let z be (-10 - -13)/(3/4). Let h(d) = d. Let j be h(z). Suppose 4*n = 3*r + 9733, n - 12169 = -j*n + r. Is n prime?
False
Let i be 2/24*-4 + 5129/(-3). Let w = i - -2461. Is w composite?
False
Let z = 955341 - 628620. Is z prime?
False
Suppose 4*u - 24 = -3*o + 261, 2*o = u + 201. Suppose -95*s - 3356 = -o*s. Is s a composite number?
False
Let g = -20186 + 153279. Is g composite?
True
Suppose 249*x = 262*x - 59293. Let o = -2270 + x. Is o a prime number?
False
Suppose h + 2*l = 6599, 38*l - 34*l = -4*h + 26412. Is h prime?
True
Let k(r) = r**2 - 2*r + 11. Let b be 10*(1 + (-2)/4). Suppose 3*a + b + 25 = 0. Is k(a) composite?
False
Suppose 9 = 3*y - 5*t, -4*y + 2*t - 4*t = 14. Let p be (-21)/((-4)/(-4) + y). Is (-1 + 1 - 93)*(-7)/p prime?
True
Suppose -5*f = 2*d - 7*d + 110820, -5*f + 22152 = d. Suppose -j + d = 4*l - 3*j, -3*j = 9. Is l a prime number?
False
Is (-4)/10 - (-13 + (-665580)/75) a composite number?
False
Suppose -l - 22810 = -2080*q + 2079*q, 4*q - 3*l = 91235. Is q a composite number?
True
Suppose -36 = -g + 4*f + 98, f = -2. Let v = 349 - g. Is v a composite number?
False
Let s(k) = 6*k**2 + k. Let w be s(-1). Is (-1923)/(-2)*(w + 13/(-3)) a composite number?
False
Suppose 2*c + 1007*g - 428872 = 1009*g, 5*c - 2*g - 1072171 = 0. Is c prime?
True
Is 2/(4974800/621848 + -8) prime?
True
Let c(o) = 3*o**3 - 26*o**2 + 7*o + 15. Is c(26) a composite number?
True
Suppose -49 = -5*o - 14. Let v be (17/(-3))/(o/(-231)). Let t = -58 + v. Is t prime?
False
Let r(y) = -114*y - 10. Let s = -76 + 80. Let v(g) = -6*g + 18. Let h be v(s). Is r(h) composite?
True
Let g = 45575 + -28582. Suppose 4*d - g = -1909. Suppose u - 5*z - 448 = 317, -2*z + d = 5*u. Is u prime?
False
Let j = 1603 - 357. Suppose 5*f - 3619 = j. Is f composite?
True
Let w = 1519290 - 1011473. Is w a composite number?
True
Is (-10 - (-6674052)/(-35))*(-25)/10 a composite number?
False
Suppose 3*q + 3*w - 403521 = 0, -2*w + 269010 = 2*q - w. Is q composite?
False
Suppose -6 - 6 = 3*u, 4*x - 3*u - 32776 = 0. Suppose 3*h - 9469 = -4*c + 6904, -3*h = 2*c - x. Is c prime?
True
Let s(d) = -5812*d - 28. Let g be s(-4). Is g/55 + 2/(-11) prime?
False
Suppose -680491 = -24*l + 395531 + 4347570. Is l prime?
True
Is (-5)/(-1) + 0 - (-31 + 27 + -297812) prime?
False
Let y = -155 + 221. Let w = -64 + y. Suppose w*a = 10*a - 9304. Is a prime?
True
Suppose 42387 - 156131 = -16*p. Let f = p - 2718. Is f prime?
True
Let a(h) = h**2 + 15*h - 10. Let l be a(-16). Let p be 2/(-3) - l/(18/(-17)). Suppose -3*m = 4*t - 2749, -m - p*t + 909 = -0*t. Is m prime?
True
Suppose 0 = -2*m + 34467 + 75155. Is m a prime number?
False
Let i(o) be the third derivative of 107*o**5/30 - 5*o**4/24 + 7*o**3/6 + 44*o**2. Is i(2) a prime number?
True
Let q = -232 - -237541. Is q a prime number?
False
Suppose 5*u + 275 = -5*j, 12*j + 165 = 9*j - 5*u. Is 6/(-33) - 20855/j prime?
True
Is (-6133479)/(-27) + 120/(-135) a prime number?
False
Let k(c) = 3705*c + 133. Let p be k(39). Suppose -50462 = -42*i + p. Is i composite?
True
Let g(u) = -3*u**2 - 10*u + 1. Let j be g(-3). Suppose -5*v - 5*t + 2560 = -3430, -4*t = -j*v + 4768. Is v composite?
True
Suppose -2*i - 5 - 7 = -3*m, -i = -4*m + 16. Suppose 5*z - m*r - 13611 = 0, -3*z + 5257 = -4*r - 2916. Is z prime?
True
Suppose 11*j = -5841 + 351670. Is j prime?
False
Suppose -4*n + 0*n = -24. Suppose -n*m = -454 + 106. Let y = 155 - m. Is y prime?
True
Let h(q) be the third derivative of 11*q**4/6 + 37*q**3/6 + 4*q**2 + 19*q. Suppose 7 = -3*i + 40. Is h(i) a composite number?
False
Suppose 2*m = 3*u + 7975, 4*m + 2*u = 6*m - 7976. Is m prime?
True
Let m be 28/7 + -5 + -6804. Let r = m - -17492. Is r a composite number?
False
Let b = 2 + 4. Let n = -4 + b. Suppose -3765 - 119 = -4*g - t, -n*g + t = -1942. Is g a prime number?
True
Suppose 6 = -u + 4*u. Is u*(-1)/(-2)*240848/16 prime?
True
Let a be (1 - 0) + (8 - 9). Suppose -8*g + 37345 - 8873 = a. Is g a prime number?
True
Let x = -318 - -341. Suppose 1521 + 10301 = x*l. Is l prime?
False
Let b(x) = -44*x**2 + 11*x - 18. Let c be b(3). Let y = -133 - c. Is y - ((-6 - -4) + -1) composite?
False
Let h be (26/13)/((-1)/(-2)). Suppose 5*o + 1610 + 37 = 4*v, 1654 = h*v + 2*o. Is v a composite number?
True
Let r = -452 + 454. Suppose 14851 = r*h - 5*n, -5*h - 66*n = -64*n - 37171. Is h prime?
True
Suppose 2*a = 4*a - 7896. Let l = a + -346. Suppose 35*y + l = 37*y. Is y a prime number?
True
Let t(k) = -31*k**3 - 29*k**2 - 21*k + 16. Let i(x) = -10*x**3 - 10*x**2 - 7*x + 5. Let h(p) = -7*i(p) + 2*t(p). Let l = 768 + -762. Is h(l) a composite number?
True
Let p(j) = 5121*j**2 - 1042*j + 7254. Is p(7) prime?
True
Let j be 0 - (-1 + 36/(-4)). Suppose j*w = 5*w - 25. Let f(t) = -13*t - 7. Is f(w) a prime number?
False
Let w(i) = 2025*i**2 + 15*i + 14. Let h be w(-1). Let q = h + 2883. Is q a composite number?
True
Let t = 31 + -28. Suppose -4*k - t*b - 1984 = -6221, 4245 = 4*k - 5*b. Suppose 5*u = 5*j - 960, -4*j + u + k = 307. Is j composite?
True
Suppose -322*w - 23124048 = -370*w. Is w a prime number?
True
Let i(d) = -459*d - 62. Let c be 6 - 9 - (1 + 0 + -1). Is i(c) a prime number?
False
Let v = 8616377 - 5293120. Is v composite?
True
Let t(g) be the third derivative of 29*g**4/6 - 5*g**3/6 - 932*g**2. Let w(z) = -3*z. Let a be w(-2). Is t(a) a composite number?
False
Is (4/(4 + -2))/((-196)/294) - -646708 composite?
True
Let q = 7887 - 2184. Is q composite?
True
Suppose -l - 2*p + 333205 = 0, 5*l + 269203 = -5*p + 1935213. Is l a prime number?
False
Let j(g) = g**2 - 10*g - 11. Let p be j(11). Suppose 11*k - 11132 + 1848 = p. Suppose k = 3*i + i. Is i a composite number?
F